-4*d + y*d - 3*d - 4. Determine n(5).
-9
Let y = -20 - 52. Let g be y/(-14)*(-14)/(-4). Let x = g - 16. Let z(r) = -3*r + 1. What is z(x)?
-5
Let z = -22 - -22. Suppose -2*a + 3 + 11 = z. Let x(b) = b**2 - 3*b - 9. Give x(a).
19
Let l(h) = h**3 - h**2 + h + 1. Let i(n) = -n**2 + 5*n + 4. Let w(d) = -i(d) + 3*l(d). What is w(-1)?
-4
Suppose 2*s + 8*w - 29 = 5*w, 0 = -3*s - 3*w + 36. Let l(q) = 2*q - 10. Calculate l(s).
4
Suppose 68*o = 72*o - 36. Let d(s) be the first derivative of 12*s + 1 - 1/2*s**2. Give d(o).
3
Let a(m) be the third derivative of 8*m**2 + 0 + 0*m**3 + 0*m - 1/6*m**4 - 1/720*m**6 + 1/30*m**5. Let g(x) be the second derivative of a(x). Determine g(3).
1
Let d = -16 - -11. Let a(b) = b**3 - 16*b**2 + 15*b + 3. Let p be a(15). Let u(m) = 2*m**3 - 2*m**3 + 5*m**p + 4 - 4*m + 4*m**2 - 4*m**3. Determine u(d).
-1
Suppose 5*i - 90 = -5*r, -3*i + 42 = -4*r + 3*r. Let l be 55/i + (-6)/9. Let o(x) = -x**2 - 2*x + 4*x + 3 - x. What is o(l)?
-3
Let r(w) = -4*w + 1. Let y(a) = -232*a + 56. Let v(j) = 280*r(j) - 5*y(j). Calculate v(1).
40
Let c(u) = -u**2 - u. Let h be 2*(0 - 192/4). Let t be (h/30)/(6/(-15)). Let w be (-4)/16 + (-14)/t. Give c(w).
-2
Let k(x) = x**3 - 5*x**2 + 3*x - 7. Suppose 0*m = -2*m + 2*u - 20, -2*u + 36 = -4*m. Let d = m - -12. Suppose 0 = d*l - 11 - 9. What is k(l)?
8
Let i(w) = w**3 - w**2 + 2*w. Let y be (-3)/(-3) - -7 - -4. Suppose 4*c = -y, 2*c - 7 = -5*q + c. Determine i(q).
8
Let g(c) = c**2 - 2*c + 1. Let f(b) = -2*b + 1. Let y(s) = 2*f(s) - 3*g(s). Give y(-2).
-17
Let z(m) = -m**2 - 2*m + 1. Suppose -43 = -2*x - 55. Let j = -10 - x. Give z(j).
-7
Let h(n) be the first derivative of -n**4/4 + n**3/3 + 4*n + 1. Let m be (-8)/(-32) + (-1)/4. Calculate h(m).
4
Let f(d) = -d**3 - 9*d**2 - 13*d + 11. Let w(b) = b**3 + 9*b**2 + 12*b - 10. Suppose 3*c = p + p, 5*p - 4*c = -14. Let g(h) = p*w(h) - 5*f(h). Determine g(-8).
-3
Suppose 5*w = -3*n - 14, 5*w + 11 = -3*n + n. Let g(h) = 6*h**2 - 4*h + 6. Let m(b) = 2*b**2 - b + 2. Let z(s) = 3*g(s) - 10*m(s). Give z(n).
-14
Let u(p) be the third derivative of p**6/120 + p**5/30 - p**3/2 + p**2 - 4*p. Let j(f) = -3*f**3 - f**2 + f. Let x be j(1). What is u(x)?
-12
Let y(d) = -d**2 + 5*d - 2. Let x be y(3). Let a(m) be the first derivative of m**4/4 - 4*m**3/3 + m**2/2 - 3*m - 2012. Give a(x).
1
Let q(i) = 4*i**2 - 9*i - 19. Let f(v) = -7*v**2 + 14*v + 30. Let l(b) = 5*f(b) + 8*q(b). Give l(4).
-58
Let o be (12/54 - 16/(-90))*10. Suppose -o*b = -6*b - 10. Let q(x) = 2*x + 3. What is q(b)?
-7
Let t be (-2 + 3)*(7 + -3). Let n(v) = -t*v**2 + 62 - 42 + 2*v**2 - 27*v. Let l be n(-14). Let j(w) = w - 2. Give j(l).
4
Let m(i) = i**2 + 3*i + 3. Let h(b) = -b + 18. Let f be h(6). Let y be 135/10 + 1/(-2). Suppose y*v - 9*v + f = 0. Give m(v).
3
Let t(y) be the second derivative of y**4/12 - 5*y**2/2 + 9*y + 2. Let d = -19 - -15. Calculate t(d).
11
Let l = 889 - 877. Let y(k) = k - 12. What is y(l)?
0
Let m be ((-1)/(-2))/(5/(-60)). Let r = m + 7. Let c(b) = 3 - 3*b + 2*b - 1 - r. What is c(-4)?
5
Let d be (-8)/((-4)/(-8)*-4). Let x(q) = -6*q**2 + q**3 - 2*q**2 - 5 + q + d*q**2. Let j be 6*1*2/3. Give x(j).
-1
Let t(d) = -d**3 + 4*d**2 + 13*d - 9. Suppose 276*b - 275*b = 6. Determine t(b).
-3
Let g be 17/17*0/(-2). Suppose g = -0*m - 5*m + 30. Let b be 15*(-3 - (-16)/m). Let a(o) = 2*o + 7. Determine a(b).
-3
Let y(v) be the first derivative of 62 + v**2 + 0*v**2 - 58 - 2*v. Determine y(-4).
-10
Let b(j) = 2*j**2 + 3*j - 5. Suppose u = -4*t + 187, -2*t - 3*t = -3*u - 221. Let f = 42 - t. Determine b(f).
15
Let w(l) = -l - 4. Let t(c) = -1. Suppose -20 - 16 = 6*q. Let u(j) = q*t(j) + 3*w(j). Give u(-4).
6
Let t be (-172)/(-16) - (-2)/8. Suppose 0 = -12*h + t*h. Let n(p) = p + 1 - 1 + 4 + p**2 + 2. Calculate n(h).
6
Let t(l) = -l**2 - 6*l + 2. Suppose 0 = 4*g + 16 + 16. Let w = -13 - g. Give t(w).
7
Let i(n) be the first derivative of 0*n**3 + 11/4*n**4 + 1/2*n**2 + 20 - n. What is i(1)?
11
Let u(l) = 4*l - 15. Let a be u(4). Let h(b) = -6*b - 2. Give h(a).
-8
Suppose -16 = 3*z + 4*r, 17*z - 3*r = 18*z + 7. Let l(w) = -w**3 - 4*w**2 - w + 6. What is l(z)?
10
Suppose 13 = 2*j - 5*g, -2*j - g + 7 = -4*g. Let f = -4 - j. Let k(b) be the third derivative of -b**5/60 - b**4/12 - 2*b**3/3 - 16*b**2 + 2. Give k(f).
-7
Let n(b) = b**2 + 4. Let v(i) = 2*i**2 + 6*i + 3. Let d(h) = 2*h**2 + 7*h + 2. Let g(z) = 5*d(z) - 6*v(z). Let l(p) = 4*g(p) + 9*n(p). Give l(4).
4
Let r(x) = 2*x - 1. Suppose -5*w = -5*k - 70, 0*k - k - 25 = -2*w. Suppose 4*j = -w - 5. Give r(j).
-9
Let t(u) be the second derivative of -u**4/12 + 29*u**2/2 + 21*u. Give t(0).
29
Let r(k) = -1. Let z(v) = v. Let s(d) = 5*r(d) + z(d). Let j be s(3). Let c(t) = -6 + 4*t + 4 + 2. Give c(j).
-8
Let f(v) be the first derivative of 2*v**3 - v**2/2 + v + 264. Give f(-1).
8
Suppose -7*p - 5*p + 60 = 0. Let a(s) = -s**2 + 3*s + 3. What is a(p)?
-7
Let f(d) = -d**3 - 6*d**2 - 2*d. Suppose 0 = 3*x - 3*q - 84, 5*x = q + 2*q + 138. Let y = 22 - x. Give f(y).
-15
Suppose 0*b - 4*b = -12. Let m(z) be the third derivative of -5*z**4/24 + z**3/3 - 28*z**2 - 2*z + 2. Determine m(b).
-13
Let i(t) = -t**3 + t**2 - t + 3. Let z(s) = -s**3 + 4*s**2 + s - 3. Let k be z(4). Let p be 3 + -2 + k + -2. Let x = 0 + p. Calculate i(x).
3
Let v(s) be the second derivative of 0*s**2 - 1/5*s**5 - 26*s - 1/6*s**3 + 0*s**4 + 0. Give v(-1).
5
Suppose -p = -s - 4*p + 90, 3*p - 288 = -3*s. Let h = s - 94. Let k(a) = -1 - 1 + a - 3. Give k(h).
0
Let q(x) = x + 3. Suppose n = 14 - 64. Let v be (n/6)/5 - 6/18. Give q(v).
1
Let d(w) be the second derivative of -w**8/6720 + w**7/2520 + w**6/720 - w**5/120 - w**4/3 - 14*w. Let b(f) be the third derivative of d(f). Give b(-2).
9
Let d(i) be the third derivative of 4*i**4/3 + 4*i**3/3 - 14*i**2. Let c(a) = 11*a + 3. Let h(j) = 14*c(j) - 5*d(j). Calculate h(2).
-10
Let i(s) = s**2 - 3*s - 36. Let n be i(8). Let c = -4 - -6. Let p(m) = -11*m + 5*m - c + 3 - n. Determine p(-2).
9
Let p be 5 - (-3 - (-16)/4). Let i(l) be the first derivative of l**2 - 6*l + 11. Calculate i(p).
2
Suppose 0 = 5*w - 0 + 25. Let m(y) = 10*y + 31. Let c(t) = 5*t + 15. Let r(n) = 5*c(n) - 3*m(n). Let k(h) = 3*h + 12. Let s(j) = w*r(j) - 8*k(j). What is s(5)?
-1
Let f(u) = -3*u**3 - 3*u**2 + 1 + 6*u**2 + 4*u**3 + 3*u. Let h(a) = a**2 + 55*a - 177. Let q be h(-58). What is f(q)?
-8
Let x be 30/(-35)*-14 + -9. Let k(v) be the first derivative of v**2/2 - 5*v - 2. Calculate k(x).
-2
Let r be (7 + -7)*(6 - 155/25). Let z(i) = -i**2 + 21. What is z(r)?
21
Let n = 169 + -150. Suppose n*m - 29 = 66. Let o(p) = 4*p - 4. Calculate o(m).
16
Suppose -5*h + 4 + 1 = 0. Let m(b) = h + 1 + 5*b - 4*b. Determine m(9).
11
Let i(l) = -4*l - 102 - 5*l**2 + 110 + 6*l + 13*l**2 + l**3 + 7*l. Let g be (5 - 0)*(-12)/10. Give i(g).
26
Let y(s) = 13*s**2 + 38*s - 7. Let g(j) = -7*j**2 - 21*j + 4. Let v(x) = -9*g(x) - 5*y(x). Let o = 4 - 2. Let z be 14/(-10) + o/5. What is v(z)?
-2
Let n(b) = -3 - 11 + 2*b - 1 + 36. Let x be n(-10). Let o(p) = 5*p**2 - p. Calculate o(x).
4
Let s(g) be the first derivative of -1 + 0*g + 2/3*g**3 + 1/24*g**4 + 9/2*g**2. Let u(b) be the second derivative of s(b). What is u(-7)?
-3
Let m(n) = -2*n. Let s be m(-1). Let a(o) be the second derivative of 2/3*o**3 + 7*o + 1/2*o**2 + 0. Give a(s).
9
Let j be 944/52 - (-4)/(-26). Let u(a) = 2*a + j - 2*a - 14 - a. Determine u(-4).
8
Let b(h) = -2*h - 4. Let l be b(-4). Suppose -9*g + 8*g = -l. Suppose -u = 2 - g. Let j(m) = m**3 - 3*m**2 + 2*m. Calculate j(u).
0
Let o(h) be the first derivative of -2*h**2 + 4*h + 449. Give o(7).
-24
Let m(l) = -l**2 + 4*l + 8. Let x be m(5). Let p(o) be the first derivative of -o**3/3 + 3*o**2/2 - 2. Determine p(x).
0
Let z(k) = 5*k - 27. Let o(b) = b - 7. Let c(m) = 9*o(m) - 2*z(m). Let w = 11 + -13. Let v = -6 - w. Calculate c(v).
-5
Let f be (-4)/(6/((-378)/(-35))*16/(-20)). Let n(k) be the first derivative of -k**4/4 + 8*k**3/3 + 4*k**2 + 2*k + 1. What is n(f)?
-7
Let a(f) be the first derivative of -f**4/4 + 8*f**3/3 - 3*f**2 - 5*f + 108. What is a(7)?
2
Let d(w) be the first derivative of 9 - w - 1/2*w**2 - 4/3*w**3. What is d(-1)?
-4
Let i(n) = n - 1. Suppose 0 = 5*j + r, -3*j + 6*r - r = 0. Suppose -3*l + 10 = 5*x + l, j = 4*l + 20. Suppose -h + x = 3. What i